 2) in base 14?
-41a446
Convert -1011100000110010 (base 2) to base 9.
-71613
What is 32033200131 (base 4) in base 11?
2120071
Convert 17563667 (base 8) to base 13.
b145a4
Convert 3540320 (base 7) to base 10.
446747
65235464 (base 7) to base 15
7510a2
What is -555203 (base 7) in base 2?
-10111111001000000
Convert -321681 (base 9) to base 12.
-92a31
Convert 162046 (base 8) to base 11.
3a977
Convert 3094a (base 11) to base 7.
245250
Convert -170362 (base 8) to base 6.
-1153322
-207591 (base 11) to base 12
-140250
-22033213 (base 5) to base 4
-232111300
What is 233 (base 10) in base 7?
452
What is 2292799 (base 11) in base 3?
21112020210202
What is 5150543 (base 7) in base 14?
120d93
Convert 1abad (base 15) to base 6.
1510501
What is 1357d (base 14) in base 10?
47739
Convert -1404432 (base 10) to base 7.
-14636361
Convert -306a496 (base 11) to base 9.
-11164843
What is 2aa203 (base 11) in base 4?
1311230103
120132312 (base 4) to base 11
69382
What is 50531355 (base 6) in base 11?
8a6003
64343 (base 10) to base 7
355406
2022002222112 (base 3) to base 8
4523570
Convert -211002000 (base 3) to base 2.
-11111011011100
54552400 (base 8) to base 9
24042651
What is 1240208 (base 9) in base 12?
287215
Convert -138676 (base 9) to base 7.
-503106
-1999b1 (base 15) to base 11
-782351
What is 3302304410 (base 5) in base 11?
3aa0728
What is 683458 (base 10) in base 11?
427546
What is 2444452 (base 9) in base 16?
1445e1
What is 1310322221 (base 4) in base 11?
2a7884
What is -27534 (base 15) in base 12?
-60b41
Convert 153242352 (base 6) to base 4.
30113021330
-101502 (base 9) to base 13
-21518
Convert -17494 (base 15) to base 12.
-376a1
What is 3744720 (base 8) in base 13?
2a2c68
112a4 (base 15) to base 13
1bb14
50467 (base 14) to base 16
2f1bb
Convert -26c711 (base 14) to base 7.
-14252021
11644 (base 7) to base 8
5776
What is -c821c (base 16) in base 3?
-1112122110202
What is 1010011100000001000 (base 2) in base 9?
571146
b6df8 (base 16) to base 8
2666770
What is d66dd6 (base 15) in base 2?
100110111001111111011001
Convert -143795 (base 10) to base 13.
-505b2
What is -201022212100 (base 3) in base 16?
-5ce17
What is -11016161 (base 7) in base 12?
-39737b
Convert -2717628 (base 9) to base 6.
-51522425
Convert 303333100 (base 6) to base 14.
9976c4
-3034560 (base 8) to base 5
-201114021
Convert -101223101 (base 4) to base 15.
-166bb
What is -101110000011111101 (base 2) in base 3?
-100120210202
Convert 7c10a (base 14) to base 8.
1115736
Convert -242244 (base 9) to base 3.
-21102021111
Convert -3b652 (base 13) to base 7.
-641262
Convert 16517 (base 15) to base 3.
10122210111
What is -20231302320 (base 4) in base 3?
-11022002001120
Convert 663644 (base 7) to base 5.
12212403
Convert 6777454 (base 9) to base 14.
6b15a8
3234311 (base 5) to base 4
31210131
Convert 30038 (base 9) to base 13.
8c8a
Convert 204355 (base 8) to base 3.
10110000220
Convert 14714327 (base 8) to base 12.
1170a47
What is 276a4 (base 16) in base 9?
265412
Convert 1474676 (base 8) to base 13.
11b21a
What is 573506 (base 9) in base 2?
1010011111011011010
-1001121201011110 (base 3) to base 11
-8648a29
Convert -256413 (base 14) to base 4.
-10321232001
What is -11111110101010001010000 (base 2) in base 14?
-11730ac
Convert 31512101 (base 7) to base 9.
5027022
Convert -19ad82 (base 15) to base 16.
-1319d5
What is 5c0c9 (base 15) in base 6?
10144130
What is 73646 (base 8) in base 13?
10c32
What is -111022120121200 (base 3) in base 14?
-d23418
-20b27 (base 13) to base 16
-e686
Convert -451304545 (base 6) to base 11.
-4693739
What is 712101 (base 11) in base 2?
100010111011111001110
-285278 (base 10) to base 7
-2265500
-5512154 (base 6) to base 15
-5628d
Convert -189268 (base 14) to base 5.
-210322312
-31782483 (base 9) to base 11
-8733230
-94749 (base 11) to base 5
-13403433
-72908 (base 12) to base 2
-100100100110011000
120533252 (base 6) to base 7
25256000
What is 1501633 (base 12) in base 2?
10000001001011001000111
What is 142323434 (base 5) in base 14?
155978
-d24c (base 16) to base 5
-3210321
What is -2a884 (base 12) in base 9?
-101271
-1ba8cd (base 14) to base 16
-f1995
Convert -a33c (base 16) to base 13.
-16036
Convert -512145 (base 8) to base 10.
-169061
Convert 632126 (base 7) to base 12.
52b68
Convert 191dc1 (base 16) to base 7.
16663612
Convert -11101234 (base 5) to base 13.
-3524b
8943118 (base 11) to base 8
73652044
What is -209684 (base 15) in base 14?
-2c5131
Convert 101111101110111101111 (base 2) to base 11.
979189
-120145503 (base 6) to base 16
-22638f
What is -12234024 (base 5) in base 12?
-58366
Convert 82fb8f (base 16) to base 12.
2a5b77b
Convert 220423 (base 8) to base 7.
425516
What is -1110202222 (base 3) in base 12?
-14945
Convert b42b94 (base 14) to base 13.
134a372
What is -65436011 (base 8) in base 5?
-12043240243
212331103203 (base 4) to base 7
152543166
-2104504 (base 6) to base 9
-165084
Convert -1030366 (base 7) to base 3.
-20100112101
Convert -3453124 (base 7) to base 6.
-13141524
-431213 (base 6) to base 9
-53360
76b1f (base 16) to base 9
820814
What is 11122101 (base 3) in base 12?
1b61
Convert -2b10a (base 13) to base 7.
-456342
662a0 (base 14) to base 15
4d4e7
What is a3b18 (base 13) in base 10?
294081
-3ab68 (base 16) to base 3
-110012212222
-136644 (base 13) to base 14
-c3a32
-41839 (base 12) to base 5
-10221434
Convert -1b2c5 (base 15) to base 13.
-312cb
What is b9772 (base 14) in base 6?
13341304
33102212 (base 5) to base 4
1011200022
What is 22307 (base 15) in base 4?
122202022
Convert -1b7844 (base 15) to base 12.
-548577
What is -61db (base 14) in base 5?
-1014403
What is 22222221200111 (base 3) in base 15?
646d5a
What is -111121111222 (base 3) in base 4?
-1001122100
14213400 (base 6) to base 12
1b4260
Convert -37a89 (base 16) to base 14.
-5d121
What is -1010011011100 (base 2) in base 9?
-7283
-984510 (base 12) to base 3
-11112121001010
405252540 (base 6) to base 8
32465714
What is 215145 (base 6) in base 4?
10121021
117ba7 (base 12) to base 14
753b1
102ac (base 15) to base 6
1033113
Convert 1357118 (base 10) to base 8.
5132476
Convert -6306207 (base 8) to base 14.
-3182a3
Convert 44143334 (base 6) to base 10.
1320106
Convert 114176 (base 10) to base 5.
12123201
What is -80739 (base 15) in base 2?
-1100011010001100101
What is 10010111101100010 (base 2) in base 9?
127475
-2693b6 (base 12) to base 4
-2123303322
Convert 1404421403 (base 5) to base 15.
4ae4d8
-314414344 (base 6) to base 10
-5538808
3cec9 (base 15) to base 8
576202
-222660 (base 7) to base 15
-ba43
Convert -3730376 (base 8) to base 3.
-1221020122001
Convert -30d083 (base 16) to base 9.
-6015313
140575b (base 12) to base 6
221312555
Convert 12719712 (base 10) to base 14.
199166c
-3331332002 (base 4) to base 12
-422002
70136 (base 15) to base 12
1512a3
Convert 297390 (base 15) to base 9.
3675760
Convert -452123 (base 7) to base 10.
-79985
3a1668 (base 12) to base 6
32300212
Convert 488318 (base 10) to base 2.
1110111001101111110
What is -606524 (base 8) in base 3?
-101011101011
-351641 (base 7) to base 16
-f674
Convert 600678 (base 9) to base 13.
c5693
-10100110111010100111 (base 2) to base 3
-1021201211202
What is -585a911 (base 11) in base 3?
-201020221011201
What is 56eb2 (base 16) in base 4?
1112322302
ed179 (base 16) to base 10
971129
What is 33287434 (base 9) in base 6?
1333254134
Convert -1016555 (base 7) to base 2.
-11101111000011001
-20222020121021 (base 3) to base 14
-6c6425
-120220101222022 (base 3) to base 9
-16811868
Convert -101000011101110011011 (base 2) to base 15.
-1b2d39
Convert -3358161 (base 10) to base 11.
-1994044
What is 1473426 (base 9) in base 4?
3013033203
What is -208bab (base 14) in base 3?
-2001212210022
Convert 1b86d (base 16) to base 14.
2d137
What is 101002200212200 (base 3) in base 16?
51e6f1
What is -50006302 (base 7) in base 13?
-b13331
What is -10203104421 (base 5) in base 16?
-a1b46e
Convert 33a3 (base 13) to base 16.
1c3f
What is -1223104100 (base 5) in base 10?
-2941150
Convert -7c1b (base 15) to base 10.
-26351
Convert -71c5 (base 14) to base 9.
-28762
What is -30240000 (base 6) in base 14?
-185876
8c004 (base 14) to base 9
567666
-5870 (base 16) to base 10
-22640
1b620 (base 16) to base 4
123120200
What is 210303232 (base 4) in base 2?
100100110011101110
Conv